{"id":166,"date":"2018-02-28T11:17:13","date_gmt":"2018-02-28T10:17:13","guid":{"rendered":"http:\/\/amelie-peters.com\/?page_id=166"},"modified":"2025-10-29T10:49:57","modified_gmt":"2025-10-29T09:49:57","slug":"contactez-moi","status":"publish","type":"page","link":"https:\/\/amelie-peters.com\/index.php\/contactez-moi\/","title":{"rendered":"CONTACT &#038; TARIFS"},"content":{"rendered":"<div id=\"pl-166\" class=\"panel-layout\">\n<div id=\"pg-166-0\" class=\"panel-grid panel-no-style\" data-style=\"{&quot;background_display&quot;:&quot;tile&quot;,&quot;cell_alignment&quot;:&quot;flex-start&quot;}\" data-ratio=\"1\" data-ratio-direction=\"right\">\n<div id=\"pgc-166-0-0\" class=\"panel-grid-cell\" data-weight=\"1\">\n<div id=\"panel-166-0-0-0\" class=\"so-panel widget widget_sow-editor panel-first-child panel-last-child\" data-index=\"0\" data-style=\"{&quot;background_image_attachment&quot;:false,&quot;background_display&quot;:&quot;tile&quot;}\">\n<div class=\"so-widget-sow-editor so-widget-sow-editor-base\">\n<div class=\"siteorigin-widget-tinymce textwidget\">\n<h1>&nbsp;<\/h1>\n<\/div>\n<\/div>\n<\/div>\n<\/div>\n<\/div>\n<div id=\"pg-166-1\" class=\"panel-grid panel-no-style\" data-style=\"{&quot;background_image_attachment&quot;:false,&quot;background_display&quot;:&quot;tile&quot;,&quot;cell_alignment&quot;:&quot;flex-start&quot;}\" data-ratio=\"1\" data-ratio-direction=\"right\">\n<div id=\"pgc-166-1-0\" class=\"panel-grid-cell\" data-weight=\"1\">&nbsp;<\/div>\n<\/div>\n<div id=\"pg-166-2\" class=\"panel-grid panel-no-style\" data-style=\"{&quot;background_image_attachment&quot;:false,&quot;background_display&quot;:&quot;tile&quot;,&quot;cell_alignment&quot;:&quot;flex-start&quot;}\" data-ratio=\"0.7320508\" data-ratio-direction=\"left\">\n<div id=\"pgc-166-2-0\" class=\"panel-grid-cell\" data-style=\"{&quot;background_display&quot;:&quot;tile&quot;,&quot;vertical_alignment&quot;:&quot;auto&quot;}\" data-weight=\"0.42264972828742\">&nbsp;<\/div>\n<\/div>\n<div id=\"pg-166-3\" class=\"panel-grid panel-no-style\" data-style=\"{&quot;background_image_attachment&quot;:false,&quot;background_display&quot;:&quot;tile&quot;,&quot;cell_alignment&quot;:&quot;flex-start&quot;}\" data-ratio=\"1\" data-ratio-direction=\"right\">\n<div id=\"pgc-166-3-0\" class=\"panel-grid-cell\" data-weight=\"1\">\n<div id=\"panel-166-3-0-0\" class=\"so-panel widget widget_sow-editor panel-first-child panel-last-child\" data-index=\"4\" data-style=\"{&quot;background_image_attachment&quot;:false,&quot;background_display&quot;:&quot;tile&quot;}\">\n<div class=\"so-widget-sow-editor so-widget-sow-editor-base\">\n<div class=\"siteorigin-widget-tinymce textwidget\"><a href=\"https:\/\/monbebebonheur.fr\/photographe\/peters-amelie-29740\/\"><img loading=\"lazy\" decoding=\"async\" class=\"aligncenter wp-image-3401 size-thumbnail\" src=\"http:\/\/amelie-peters.com\/wp-content\/uploads\/2018\/05\/a6ed39c486f4530fe69d6e19be43988ca3ce882f-150x150.png\" alt=\"\" width=\"150\" height=\"150\"><\/a><\/div>\n<\/div>\n<\/div>\n<\/div>\n<\/div>\n<div id=\"pg-166-5\" class=\"panel-grid panel-no-style\" data-style=\"{&quot;background_image_attachment&quot;:false,&quot;background_display&quot;:&quot;tile&quot;,&quot;cell_alignment&quot;:&quot;flex-start&quot;}\" data-ratio=\"1\" data-ratio-direction=\"right\">\n<div id=\"pgc-166-5-0\" class=\"panel-grid-cell\" data-weight=\"1\">\n<div id=\"panel-166-5-0-0\" class=\"so-panel widget panel-first-child panel-last-child\" data-index=\"6\" data-style=\"{&quot;background_image_attachment&quot;:false,&quot;background_display&quot;:&quot;tile&quot;}\">&nbsp;<\/div>\n<\/div>\n<\/div>\n<div id=\"pg-166-6\" class=\"panel-grid panel-no-style\" data-style=\"{&quot;background_display&quot;:&quot;tile&quot;,&quot;cell_alignment&quot;:&quot;flex-start&quot;}\" data-ratio=\"1\" data-ratio-direction=\"right\">\n<div id=\"pgc-166-6-0\" class=\"panel-grid-cell\" data-weight=\"1\">\n<div id=\"panel-166-6-0-0\" class=\"so-panel widget widget_sow-editor panel-first-child panel-last-child\" data-index=\"7\" data-style=\"{&quot;background_image_attachment&quot;:false,&quot;background_display&quot;:&quot;tile&quot;}\">\n<div class=\"so-widget-sow-editor so-widget-sow-editor-base\">\n<div class=\"siteorigin-widget-tinymce textwidget\">\n<p><span style=\"color: #000000;\">T512.315.003.00032 |<span style=\"color: #eacfc2;\"> <a style=\"color: #eacfc2;\" href=\"http:\/\/amelie-peters.com\/index.php\/mentions-legales\/\">Mentions l\u00e9gales<\/a><\/span> | <span style=\"color: #eacfc2;\"><a style=\"color: #eacfc2;\" href=\"http:\/\/amelie-peters.com\/index.php\/contactez-moi\/\">Contact<\/a><\/span><br>Photographe nouveau-n\u00e9, grossesse, couple, famille, 29 | Photographe Finist\u00e8re | Photographe en Bretagne<br><\/span><\/p>\n<\/div>\n<\/div>\n<\/div>\n<\/div>\n<\/div>\n<\/div>\n\n\n<p><\/p>\n","protected":false},"excerpt":{"rendered":"<p>&nbsp; &nbsp; &nbsp; &nbsp; T512.315.003.00032 | Mentions l\u00e9gales | ContactPhotographe nouveau-n\u00e9, grossesse, couple, famille, 29 | Photographe Finist\u00e8re | Photographe en Bretagne<\/p>\n","protected":false},"author":1,"featured_media":0,"parent":0,"menu_order":0,"comment_status":"closed","ping_status":"closed","template":"","meta":{"footnotes":""},"class_list":["post-166","page","type-page","status-publish"],"yoast_head":"<!-- This site is optimized with the Yoast SEO Premium plugin v24.7 (Yoast SEO v27.4) - https:\/\/yoast.com\/product\/yoast-seo-premium-wordpress\/ -->\n<title>Contact Photographe nouveau-n\u00e9, grossesse, famille | finist\u00e8re (29)<\/title>\n<meta name=\"description\" content=\"Contact discutons ensemble de votre projet de photographie artistique de nouveau- n\u00e9, b\u00e9b\u00e9,grossesse \/ maternit\u00e9, couple, famille. \u00a0\" \/>\n<meta name=\"robots\" content=\"index, follow, max-snippet:-1, max-image-preview:large, max-video-preview:-1\" \/>\n<link rel=\"canonical\" href=\"https:\/\/amelie-peters.com\/index.php\/contactez-moi\/\" \/>\n<meta property=\"og:locale\" content=\"fr_FR\" \/>\n<meta property=\"og:type\" content=\"article\" \/>\n<meta property=\"og:title\" content=\"CONTACT &amp; TARIFS\" \/>\n<meta property=\"og:description\" content=\"Contact discutons ensemble de votre projet de photographie artistique de nouveau- n\u00e9, b\u00e9b\u00e9,grossesse \/ maternit\u00e9, couple, famille. \u00a0\" \/>\n<meta property=\"og:url\" content=\"https:\/\/amelie-peters.com\/index.php\/contactez-moi\/\" \/>\n<meta property=\"og:site_name\" content=\"Am\u00e9lie Peters Photographe\" \/>\n<meta property=\"article:modified_time\" content=\"2025-10-29T09:49:57+00:00\" \/>\n<meta name=\"twitter:card\" content=\"summary_large_image\" \/>\n<meta name=\"twitter:label1\" content=\"Dur\u00e9e de lecture estim\u00e9e\" \/>\n\t<meta name=\"twitter:data1\" content=\"1 minute\" \/>\n<script type=\"application\/ld+json\" class=\"yoast-schema-graph\">{\"@context\":\"https:\\\/\\\/schema.org\",\"@graph\":[{\"@type\":\"WebPage\",\"@id\":\"https:\\\/\\\/amelie-peters.com\\\/index.php\\\/contactez-moi\\\/\",\"url\":\"https:\\\/\\\/amelie-peters.com\\\/index.php\\\/contactez-moi\\\/\",\"name\":\"Contact Photographe nouveau-n\u00e9, grossesse, famille | finist\u00e8re (29)\",\"isPartOf\":{\"@id\":\"https:\\\/\\\/amelie-peters.com\\\/#website\"},\"primaryImageOfPage\":{\"@id\":\"https:\\\/\\\/amelie-peters.com\\\/index.php\\\/contactez-moi\\\/#primaryimage\"},\"image\":{\"@id\":\"https:\\\/\\\/amelie-peters.com\\\/index.php\\\/contactez-moi\\\/#primaryimage\"},\"thumbnailUrl\":\"http:\\\/\\\/amelie-peters.com\\\/wp-content\\\/uploads\\\/2018\\\/05\\\/a6ed39c486f4530fe69d6e19be43988ca3ce882f-150x150.png\",\"datePublished\":\"2018-02-28T10:17:13+00:00\",\"dateModified\":\"2025-10-29T09:49:57+00:00\",\"description\":\"Contact discutons ensemble de votre projet de photographie artistique de nouveau- n\u00e9, b\u00e9b\u00e9,grossesse \\\/ maternit\u00e9, couple, famille. \u00a0\",\"breadcrumb\":{\"@id\":\"https:\\\/\\\/amelie-peters.com\\\/index.php\\\/contactez-moi\\\/#breadcrumb\"},\"inLanguage\":\"fr-FR\",\"potentialAction\":[{\"@type\":\"ReadAction\",\"target\":[\"https:\\\/\\\/amelie-peters.com\\\/index.php\\\/contactez-moi\\\/\"]}]},{\"@type\":\"ImageObject\",\"inLanguage\":\"fr-FR\",\"@id\":\"https:\\\/\\\/amelie-peters.com\\\/index.php\\\/contactez-moi\\\/#primaryimage\",\"url\":\"http:\\\/\\\/amelie-peters.com\\\/wp-content\\\/uploads\\\/2018\\\/05\\\/a6ed39c486f4530fe69d6e19be43988ca3ce882f-150x150.png\",\"contentUrl\":\"http:\\\/\\\/amelie-peters.com\\\/wp-content\\\/uploads\\\/2018\\\/05\\\/a6ed39c486f4530fe69d6e19be43988ca3ce882f-150x150.png\"},{\"@type\":\"BreadcrumbList\",\"@id\":\"https:\\\/\\\/amelie-peters.com\\\/index.php\\\/contactez-moi\\\/#breadcrumb\",\"itemListElement\":[{\"@type\":\"ListItem\",\"position\":1,\"name\":\"Accueil\",\"item\":\"https:\\\/\\\/amelie-peters.com\\\/\"},{\"@type\":\"ListItem\",\"position\":2,\"name\":\"CONTACT &#038; TARIFS\"}]},{\"@type\":\"WebSite\",\"@id\":\"https:\\\/\\\/amelie-peters.com\\\/#website\",\"url\":\"https:\\\/\\\/amelie-peters.com\\\/\",\"name\":\"Am\u00e9lie Peters Photographe\",\"description\":\"\",\"publisher\":{\"@id\":\"https:\\\/\\\/amelie-peters.com\\\/#organization\"},\"potentialAction\":[{\"@type\":\"SearchAction\",\"target\":{\"@type\":\"EntryPoint\",\"urlTemplate\":\"https:\\\/\\\/amelie-peters.com\\\/?s={search_term_string}\"},\"query-input\":{\"@type\":\"PropertyValueSpecification\",\"valueRequired\":true,\"valueName\":\"search_term_string\"}}],\"inLanguage\":\"fr-FR\"},{\"@type\":\"Organization\",\"@id\":\"https:\\\/\\\/amelie-peters.com\\\/#organization\",\"name\":\"Am\u00e9lie Peters Photographe\",\"url\":\"https:\\\/\\\/amelie-peters.com\\\/\",\"logo\":{\"@type\":\"ImageObject\",\"inLanguage\":\"fr-FR\",\"@id\":\"https:\\\/\\\/amelie-peters.com\\\/#\\\/schema\\\/logo\\\/image\\\/\",\"url\":\"https:\\\/\\\/amelie-peters.com\\\/wp-content\\\/uploads\\\/2021\\\/08\\\/Top-bar.png\",\"contentUrl\":\"https:\\\/\\\/amelie-peters.com\\\/wp-content\\\/uploads\\\/2021\\\/08\\\/Top-bar.png\",\"width\":180,\"height\":180,\"caption\":\"Am\u00e9lie Peters Photographe\"},\"image\":{\"@id\":\"https:\\\/\\\/amelie-peters.com\\\/#\\\/schema\\\/logo\\\/image\\\/\"},\"sameAs\":[\"https:\\\/\\\/www.instagram.com\\\/ameliepetersphotographe\\\/\"],\"vatID\":\"FR03512315003\",\"taxID\":\"51231500300032\"}]}<\/script>\n<!-- \/ Yoast SEO Premium plugin. -->","yoast_head_json":{"title":"Contact Photographe nouveau-n\u00e9, grossesse, famille | finist\u00e8re (29)","description":"Contact discutons ensemble de votre projet de photographie artistique de nouveau- n\u00e9, b\u00e9b\u00e9,grossesse \/ maternit\u00e9, couple, famille. \u00a0","robots":{"index":"index","follow":"follow","max-snippet":"max-snippet:-1","max-image-preview":"max-image-preview:large","max-video-preview":"max-video-preview:-1"},"canonical":"https:\/\/amelie-peters.com\/index.php\/contactez-moi\/","og_locale":"fr_FR","og_type":"article","og_title":"CONTACT & TARIFS","og_description":"Contact discutons ensemble de votre projet de photographie artistique de nouveau- n\u00e9, b\u00e9b\u00e9,grossesse \/ maternit\u00e9, couple, famille. \u00a0","og_url":"https:\/\/amelie-peters.com\/index.php\/contactez-moi\/","og_site_name":"Am\u00e9lie Peters Photographe","article_modified_time":"2025-10-29T09:49:57+00:00","twitter_card":"summary_large_image","twitter_misc":{"Dur\u00e9e de lecture estim\u00e9e":"1 minute"},"schema":{"@context":"https:\/\/schema.org","@graph":[{"@type":"WebPage","@id":"https:\/\/amelie-peters.com\/index.php\/contactez-moi\/","url":"https:\/\/amelie-peters.com\/index.php\/contactez-moi\/","name":"Contact Photographe nouveau-n\u00e9, grossesse, famille | finist\u00e8re (29)","isPartOf":{"@id":"https:\/\/amelie-peters.com\/#website"},"primaryImageOfPage":{"@id":"https:\/\/amelie-peters.com\/index.php\/contactez-moi\/#primaryimage"},"image":{"@id":"https:\/\/amelie-peters.com\/index.php\/contactez-moi\/#primaryimage"},"thumbnailUrl":"http:\/\/amelie-peters.com\/wp-content\/uploads\/2018\/05\/a6ed39c486f4530fe69d6e19be43988ca3ce882f-150x150.png","datePublished":"2018-02-28T10:17:13+00:00","dateModified":"2025-10-29T09:49:57+00:00","description":"Contact discutons ensemble de votre projet de photographie artistique de nouveau- n\u00e9, b\u00e9b\u00e9,grossesse \/ maternit\u00e9, couple, famille. \u00a0","breadcrumb":{"@id":"https:\/\/amelie-peters.com\/index.php\/contactez-moi\/#breadcrumb"},"inLanguage":"fr-FR","potentialAction":[{"@type":"ReadAction","target":["https:\/\/amelie-peters.com\/index.php\/contactez-moi\/"]}]},{"@type":"ImageObject","inLanguage":"fr-FR","@id":"https:\/\/amelie-peters.com\/index.php\/contactez-moi\/#primaryimage","url":"http:\/\/amelie-peters.com\/wp-content\/uploads\/2018\/05\/a6ed39c486f4530fe69d6e19be43988ca3ce882f-150x150.png","contentUrl":"http:\/\/amelie-peters.com\/wp-content\/uploads\/2018\/05\/a6ed39c486f4530fe69d6e19be43988ca3ce882f-150x150.png"},{"@type":"BreadcrumbList","@id":"https:\/\/amelie-peters.com\/index.php\/contactez-moi\/#breadcrumb","itemListElement":[{"@type":"ListItem","position":1,"name":"Accueil","item":"https:\/\/amelie-peters.com\/"},{"@type":"ListItem","position":2,"name":"CONTACT &#038; TARIFS"}]},{"@type":"WebSite","@id":"https:\/\/amelie-peters.com\/#website","url":"https:\/\/amelie-peters.com\/","name":"Am\u00e9lie Peters Photographe","description":"","publisher":{"@id":"https:\/\/amelie-peters.com\/#organization"},"potentialAction":[{"@type":"SearchAction","target":{"@type":"EntryPoint","urlTemplate":"https:\/\/amelie-peters.com\/?s={search_term_string}"},"query-input":{"@type":"PropertyValueSpecification","valueRequired":true,"valueName":"search_term_string"}}],"inLanguage":"fr-FR"},{"@type":"Organization","@id":"https:\/\/amelie-peters.com\/#organization","name":"Am\u00e9lie Peters Photographe","url":"https:\/\/amelie-peters.com\/","logo":{"@type":"ImageObject","inLanguage":"fr-FR","@id":"https:\/\/amelie-peters.com\/#\/schema\/logo\/image\/","url":"https:\/\/amelie-peters.com\/wp-content\/uploads\/2021\/08\/Top-bar.png","contentUrl":"https:\/\/amelie-peters.com\/wp-content\/uploads\/2021\/08\/Top-bar.png","width":180,"height":180,"caption":"Am\u00e9lie Peters Photographe"},"image":{"@id":"https:\/\/amelie-peters.com\/#\/schema\/logo\/image\/"},"sameAs":["https:\/\/www.instagram.com\/ameliepetersphotographe\/"],"vatID":"FR03512315003","taxID":"51231500300032"}]}},"_links":{"self":[{"href":"https:\/\/amelie-peters.com\/index.php\/wp-json\/wp\/v2\/pages\/166","targetHints":{"allow":["GET"]}}],"collection":[{"href":"https:\/\/amelie-peters.com\/index.php\/wp-json\/wp\/v2\/pages"}],"about":[{"href":"https:\/\/amelie-peters.com\/index.php\/wp-json\/wp\/v2\/types\/page"}],"author":[{"embeddable":true,"href":"https:\/\/amelie-peters.com\/index.php\/wp-json\/wp\/v2\/users\/1"}],"replies":[{"embeddable":true,"href":"https:\/\/amelie-peters.com\/index.php\/wp-json\/wp\/v2\/comments?post=166"}],"version-history":[{"count":265,"href":"https:\/\/amelie-peters.com\/index.php\/wp-json\/wp\/v2\/pages\/166\/revisions"}],"predecessor-version":[{"id":8475,"href":"https:\/\/amelie-peters.com\/index.php\/wp-json\/wp\/v2\/pages\/166\/revisions\/8475"}],"wp:attachment":[{"href":"https:\/\/amelie-peters.com\/index.php\/wp-json\/wp\/v2\/media?parent=166"}],"curies":[{"name":"wp","href":"https:\/\/api.w.org\/{rel}","templated":true}]}}